{"id":47,"date":"2023-06-14T06:36:44","date_gmt":"2023-06-14T06:36:44","guid":{"rendered":"https:\/\/jusumn.lt\/?page_id=47"},"modified":"2025-07-24T05:55:21","modified_gmt":"2025-07-24T05:55:21","slug":"registracija-pas-gydytoja","status":"publish","type":"page","link":"https:\/\/jusumn.lt\/index.php\/pacientams\/registracija-pas-gydytoja\/","title":{"rendered":"Registracija pas gydytoj\u0105"},"content":{"rendered":"\n<div class=\"wp-block-columns is-layout-flex wp-container-3\">\n<div class=\"wp-block-column is-layout-flow\">\n<figure class=\"wp-block-image aligncenter size-full is-resized\"><img decoding=\"async\" loading=\"lazy\" src=\"http:\/\/jusumn.lt\/wp-content\/uploads\/2023\/05\/cropped-medicinos-namai-logo-web-1.png\" alt=\"\" class=\"wp-image-626\" width=\"304\" height=\"91\" srcset=\"https:\/\/jusumn.lt\/wp-content\/uploads\/2023\/05\/cropped-medicinos-namai-logo-web-1.png 334w, https:\/\/jusumn.lt\/wp-content\/uploads\/2023\/05\/cropped-medicinos-namai-logo-web-1-300x90.png 300w\" sizes=\"(max-width: 304px) 100vw, 304px\" \/><\/figure>\n\n\n\n<p><strong>Registruotis vizitui pas gydytoj\u0105 Kur\u0161\u0117nuose galite:<\/strong><\/p>\n\n\n\n<ol>\n<li>Atvyk\u0119 \u012f klinik\u0105 (adresu J. Basanavi\u010diaus g. 8 -12, Kur\u0161\u0117nai).<\/li>\n\n\n\n<li>Paskambin\u0119 registrat\u016bros telefonu<strong>\u00a0+37061224111, +37061646937; <\/strong> odontologinei proced\u016brai <strong>+37068260116<\/strong>.<\/li>\n\n\n\n<li> Internetu &#8211; E-sveikatos portale<strong> <a href=\"https:\/\/ipr.esveikata.lt\/\">i<\/a><\/strong><a href=\"https:\/\/ipr.esveikata.lt\/\"><strong>pr.esveikata.lt<\/strong><\/a> arba e.Pacientas portale<strong> <a href=\"https:\/\/e-pacientas.lt\/home\">e-pacientas.lt<\/a> <\/strong>(instrukcij\u0105, kaip registruotis internetu, rasite \u0161io puslapio apa\u010dioje).<\/li>\n<\/ol>\n<\/div>\n\n\n\n<div class=\"wp-block-column is-layout-flow\">\n<figure class=\"wp-block-image aligncenter size-large is-resized\"><img decoding=\"async\" loading=\"lazy\" src=\"http:\/\/jusumn.lt\/wp-content\/uploads\/2025\/06\/cropped-cropped-cropped-JK-be-backroundo-1536x397-1-1024x264.webp\" alt=\"\" class=\"wp-image-598\" width=\"340\" height=\"87\" srcset=\"https:\/\/jusumn.lt\/wp-content\/uploads\/2025\/06\/cropped-cropped-cropped-JK-be-backroundo-1536x397-1-1024x264.webp 1024w, https:\/\/jusumn.lt\/wp-content\/uploads\/2025\/06\/cropped-cropped-cropped-JK-be-backroundo-1536x397-1-300x77.webp 300w, https:\/\/jusumn.lt\/wp-content\/uploads\/2025\/06\/cropped-cropped-cropped-JK-be-backroundo-1536x397-1-768x198.webp 768w, https:\/\/jusumn.lt\/wp-content\/uploads\/2025\/06\/cropped-cropped-cropped-JK-be-backroundo-1536x397-1-1140x294.webp 1140w, https:\/\/jusumn.lt\/wp-content\/uploads\/2025\/06\/cropped-cropped-cropped-JK-be-backroundo-1536x397-1.webp 1534w\" sizes=\"(max-width: 340px) 100vw, 340px\" \/><\/figure>\n\n\n\n<p><strong>Registruotis vizitui pas gydytoj\u0105 \u0160iauliuose galite:<\/strong><\/p>\n\n\n\n<ol>\n<li>Atvyk\u0119 \u012f klinik\u0105 (adresu P. Vi\u0161inskio 14 \u2013 9, \u0160iauliai).<\/li>\n\n\n\n<li>Paskambin\u0119 registrat\u016bros telefonu <strong>+37066294340; +37066295323<\/strong>.<\/li>\n\n\n\n<li>Internetu \u2013 E-sveikatos portale<a rel=\"noreferrer noopener\" href=\"https:\/\/ipr.esveikata.lt\/\" target=\"_blank\"><strong>\u00a0ipr.esveikata.lt<\/strong>\u00a0<\/a>arba e.Pacientas portale<strong>\u00a0<\/strong><a rel=\"noreferrer noopener\" href=\"https:\/\/e-pacientas.lt\/registration?provider=2447015901\" target=\"_blank\"><strong>e-pacientas.lt<\/strong>\u00a0<\/a>(instrukcij\u0105, kaip registruotis internetu, rasite \u0161io puslapio apa\u010dioje).<\/li>\n<\/ol>\n<\/div>\n<\/div>\n\n\n\n<p><\/p>\n\n\n\n<p>*UAB &#8222;J\u016bs\u0173 medicinos namai&#8221; u\u017etikrina galimyb\u0119 speciali\u0173j\u0173 ir sud\u0117ting\u0173 poreiki\u0173 pacientams gauti ilgesn\u0119 gydytojo konsultacijos trukm\u0119. Vizito laikas derinamas su pacientu.<\/p>\n\n\n\n<p>Kraujo tyrimai imami kiekvien\u0105 darbo dien\u0105 8:00-17:00 val., penktadieniais &#8211; 8:00-13:00 val. proced\u016briniame kabinete.<\/p>\n\n\n\n<p>Gydytoj\u0173 i\u0161kvietimai \u012f namus priimami klinikos registrat\u016bros telefonais:<strong> Kur\u0161\u0117nuose<\/strong> &#8211; <strong>+37061224111<\/strong>, <strong>+37061646937<\/strong>, <strong>\u0160iauliuose<\/strong> &#8211; <strong>+37066294340; +37066295323<\/strong>.  Arba atvykus \u012f registrat\u016br\u0105 darbo dienomis. I\u0161kvietimai \u012f pacient\u0173 namus registruojami darbo dienomis 8:00 \u2013 12:00 val.<\/p>\n\n\n\n<p>Po klinikos darbo valand\u0173, nedarbo ir \u0161ven\u010di\u0173 dienomis b\u016btinoji medicinos pagalba teikiama V\u0161\u012e \u0160iauli\u0173 rajono savivaldyb\u0117s sveikatos centro Pri\u0117mimo skyriuje adresu Basanavi\u010diaus g. 10, Kur\u0161\u0117nai, tel.&nbsp;+370 41 552772.<\/p>\n\n\n\n<p>Pirmin\u0117s psichikos sveikatos prie\u017ei\u016bros paslaugos yra teikiamos&nbsp;&nbsp;V\u0161\u012e \u0160iauli\u0173 rajono savivaldyb\u0117s sveikatos centre adresu Basanavi\u010diaus g. 18, Kur\u0161\u0117nai, tel. +370 41 581 435 (Kur\u0161\u0117n\u0173 klinikos pacientams); UAB &#8222;\u0160iauli\u0173 psichikos sveikatos centras&#8221;, Gumbin\u0117s g. 33C, \u0160iauliai, tel. +370 655 80069 (\u0160iauli\u0173 klinikos pacientams).<\/p>\n\n\n\n<p><strong>Instrukcija kaip u\u017esiregistruoti pas gydytoj\u0105 el. b\u016bdu:<\/strong><\/p>\n\n\n\n<figure class=\"wp-block-embed is-type-video is-provider-youtube wp-block-embed-youtube wp-embed-aspect-16-9 wp-has-aspect-ratio\"><div class=\"wp-block-embed__wrapper\">\n<iframe loading=\"lazy\" title=\"E. sveikata: prisijungimas prie IPR IS, registracija ir jos at\u0161aukimas\" width=\"500\" height=\"281\" src=\"https:\/\/www.youtube.com\/embed\/zGF4uVuEY1c?feature=oembed\" frameborder=\"0\" allow=\"accelerometer; autoplay; clipboard-write; encrypted-media; gyroscope; picture-in-picture; web-share\" referrerpolicy=\"strict-origin-when-cross-origin\" allowfullscreen><\/iframe>\n<\/div><\/figure>\n","protected":false},"excerpt":{"rendered":"<p>Registruotis vizitui pas gydytoj\u0105 Kur\u0161\u0117nuose galite: Registruotis vizitui pas gydytoj\u0105 \u0160iauliuose galite: *UAB &#8222;J\u016bs\u0173 medicinos namai&#8221; u\u017etikrina galimyb\u0119 speciali\u0173j\u0173 ir sud\u0117ting\u0173 poreiki\u0173 pacientams gauti ilgesn\u0119 gydytojo konsultacijos trukm\u0119. Vizito laikas derinamas su pacientu. Kraujo tyrimai imami kiekvien\u0105 darbo dien\u0105 8:00-17:00 val., penktadieniais &#8211; 8:00-13:00 val. proced\u016briniame kabinete. Gydytoj\u0173 i\u0161kvietimai \u012f namus priimami klinikos registrat\u016bros telefonais: Kur\u0161\u0117nuose &#8211; +37061224111, +37061646937, \u0160iauliuose<span class=\"more-dots\">&#8230;<\/span><\/p>\n","protected":false},"author":1,"featured_media":0,"parent":41,"menu_order":0,"comment_status":"closed","ping_status":"closed","template":"","meta":[],"_links":{"self":[{"href":"https:\/\/jusumn.lt\/index.php\/wp-json\/wp\/v2\/pages\/47"}],"collection":[{"href":"https:\/\/jusumn.lt\/index.php\/wp-json\/wp\/v2\/pages"}],"about":[{"href":"https:\/\/jusumn.lt\/index.php\/wp-json\/wp\/v2\/types\/page"}],"author":[{"embeddable":true,"href":"https:\/\/jusumn.lt\/index.php\/wp-json\/wp\/v2\/users\/1"}],"replies":[{"embeddable":true,"href":"https:\/\/jusumn.lt\/index.php\/wp-json\/wp\/v2\/comments?post=47"}],"version-history":[{"count":15,"href":"https:\/\/jusumn.lt\/index.php\/wp-json\/wp\/v2\/pages\/47\/revisions"}],"predecessor-version":[{"id":721,"href":"https:\/\/jusumn.lt\/index.php\/wp-json\/wp\/v2\/pages\/47\/revisions\/721"}],"up":[{"embeddable":true,"href":"https:\/\/jusumn.lt\/index.php\/wp-json\/wp\/v2\/pages\/41"}],"wp:attachment":[{"href":"https:\/\/jusumn.lt\/index.php\/wp-json\/wp\/v2\/media?parent=47"}],"curies":[{"name":"wp","href":"https:\/\/api.w.org\/{rel}","templated":true}]}}